{"id":32,"date":"2021-02-02T08:38:00","date_gmt":"2021-02-02T08:38:00","guid":{"rendered":"https:\/\/bestground.de\/?page_id=32"},"modified":"2021-02-02T08:38:00","modified_gmt":"2021-02-02T08:38:00","slug":"geschichte","status":"publish","type":"page","link":"https:\/\/bestground.de\/?page_id=32","title":{"rendered":"Geschichte"},"content":{"rendered":"\n<p>Die berufliche Geschichte ist stets auch die Geschichte eines Lebens. Nach Schule und Studium in Hessen, begann der berufliche Lebenslauf zun\u00e4chst im Hoch-, Tief-, Stra\u00dfen- und Ingenieurbau dort, doch gleich nach Ende der Deutschen Teilung setze sich diese T\u00e4tigkeit in Nordth\u00fcringen fort. Sp\u00e4ter ging es von Ostth\u00fcringen aus mit dem eigenen Ingenieurb\u00fcro f\u00fcr Tragwerksplanung und Fertigteile weiter nach Berlin, von wo aus schlie\u00dflich auch die Insel R\u00fcgen als Bautr\u00e4ger bearbeitet wurde. Mit viel Fachwissen wurden sp\u00e4ter Sanierungen und Immobilienentwicklungen in Berlin und Brandenburg begleitet und noch heute erscheint uns keine Aufgabe als zu schwer oder unl\u00f6sbar.<\/p>\n","protected":false},"excerpt":{"rendered":"<p>Die berufliche Geschichte ist stets auch die Geschichte eines Lebens. Nach Schule und Studium in Hessen, begann der berufliche Lebenslauf zun\u00e4chst im Hoch-, Tief-, Stra\u00dfen- und Ingenieurbau dort, doch gleich nach Ende der Deutschen Teilung setze sich diese T\u00e4tigkeit in Nordth\u00fcringen fort. Sp\u00e4ter ging es von Ostth\u00fcringen aus mit dem eigenen Ingenieurb\u00fcro f\u00fcr Tragwerksplanung und &hellip; <\/p>\n<p class=\"link-more\"><a href=\"https:\/\/bestground.de\/?page_id=32\" class=\"more-link\"><span class=\"screen-reader-text\">\u201eGeschichte\u201c<\/span> weiterlesen<\/a><\/p>\n","protected":false},"author":1,"featured_media":0,"parent":0,"menu_order":0,"comment_status":"closed","ping_status":"closed","template":"","meta":{"footnotes":""},"class_list":["post-32","page","type-page","status-publish","hentry"],"_links":{"self":[{"href":"https:\/\/bestground.de\/index.php?rest_route=\/wp\/v2\/pages\/32","targetHints":{"allow":["GET"]}}],"collection":[{"href":"https:\/\/bestground.de\/index.php?rest_route=\/wp\/v2\/pages"}],"about":[{"href":"https:\/\/bestground.de\/index.php?rest_route=\/wp\/v2\/types\/page"}],"author":[{"embeddable":true,"href":"https:\/\/bestground.de\/index.php?rest_route=\/wp\/v2\/users\/1"}],"replies":[{"embeddable":true,"href":"https:\/\/bestground.de\/index.php?rest_route=%2Fwp%2Fv2%2Fcomments&post=32"}],"version-history":[{"count":1,"href":"https:\/\/bestground.de\/index.php?rest_route=\/wp\/v2\/pages\/32\/revisions"}],"predecessor-version":[{"id":33,"href":"https:\/\/bestground.de\/index.php?rest_route=\/wp\/v2\/pages\/32\/revisions\/33"}],"wp:attachment":[{"href":"https:\/\/bestground.de\/index.php?rest_route=%2Fwp%2Fv2%2Fmedia&parent=32"}],"curies":[{"name":"wp","href":"https:\/\/api.w.org\/{rel}","templated":true}]}}